{"id":963,"date":"2025-10-31T02:16:54","date_gmt":"2025-10-31T02:16:54","guid":{"rendered":"https:\/\/evolutatv.com\/?page_id=963"},"modified":"2025-11-05T02:23:32","modified_gmt":"2025-11-05T02:23:32","slug":"firestick","status":"publish","type":"page","link":"https:\/\/evolutatv.com\/index.php\/firestick\/","title":{"rendered":"Guide Amazon Firestick apps Smarter IPTV"},"content":{"rendered":"\n<h3 class=\"wp-block-heading\" id=\"tw-target-text\">Comment configurer IPTV sur la FireStick<\/h3>\n\n\n\n<p><strong>1<\/strong>.\u00a0Depuis l\u2019\u00e9cran d\u2019accueil de votre Firestick, passez la souris sur l\u2019option Rechercher.<\/p>\n\n\n\n<figure class=\"wp-block-image aligncenter\"><img decoding=\"async\" src=\"https:\/\/www.tvzland.com\/wp-content\/uploads\/2022\/07\/downloader-on-firestick-new-interface-2.png\" alt=\"\" class=\"wp-image-1234\"\/><\/figure>\n\n\n\n<p><strong>2.<\/strong>&nbsp;Cliquez sur Rechercher.<\/p>\n\n\n\n<figure class=\"wp-block-image aligncenter\"><img decoding=\"async\" src=\"https:\/\/www.tvzland.com\/wp-content\/uploads\/2022\/07\/downloader-on-firestick-new-interface-2-1.png\" alt=\"\" class=\"wp-image-1253\"\/><\/figure>\n\n\n\n<p><strong>3.<\/strong>&nbsp;Recherchez et s\u00e9lectionnez Downloader.<\/p>\n\n\n\n<figure class=\"wp-block-image aligncenter\"><img decoding=\"async\" src=\"https:\/\/www.tvzland.com\/wp-content\/uploads\/2022\/07\/downloader-on-firestick-new-interface-4.png\" alt=\"\" class=\"wp-image-1252\"\/><\/figure>\n\n\n\n<p><strong>4.&nbsp;<\/strong>Choisissez l\u2019application Downloader.<\/p>\n\n\n\n<figure class=\"wp-block-image aligncenter\"><img decoding=\"async\" src=\"https:\/\/www.tvzland.com\/wp-content\/uploads\/2022\/07\/downloader-on-firestick-new-interface-5.png\" alt=\"\" class=\"wp-image-1236\"\/><\/figure>\n\n\n\n<p><strong>5.<\/strong> Cliquez sur T\u00e9l\u00e9charger.<\/p>\n\n\n\n<figure class=\"wp-block-image aligncenter\"><img decoding=\"async\" src=\"https:\/\/www.tvzland.com\/wp-content\/uploads\/2022\/07\/downloader-on-firestick-new-interface-6.png\" alt=\"\" class=\"wp-image-1249\"\/><\/figure>\n\n\n\n<p><strong>6.<\/strong> Une fois l\u2019installation de l\u2019application termin\u00e9e, cliquez sur Ouvrir.<\/p>\n\n\n\n<figure class=\"wp-block-image aligncenter\"><img decoding=\"async\" src=\"https:\/\/www.tvzland.com\/wp-content\/uploads\/2022\/07\/downloader-on-firestick-new-interface-8.png\" alt=\"\" class=\"wp-image-1251\"\/><\/figure>\n\n\n\n<p><strong>7.<\/strong> Revenez \u00e0 l\u2019\u00e9cran d\u2019accueil et ouvrez Param\u00e8tres.<\/p>\n\n\n\n<figure class=\"wp-block-image aligncenter\"><img decoding=\"async\" src=\"https:\/\/www.tvzland.com\/wp-content\/uploads\/2022\/07\/downloader-on-firestick-new-interface-9.png\" alt=\"\" class=\"wp-image-1250\"\/><\/figure>\n\n\n\n<p><strong>8.<\/strong>&nbsp;Cliquez sur My Fire TV.<\/p>\n\n\n\n<figure class=\"wp-block-image aligncenter\"><img decoding=\"async\" src=\"https:\/\/www.tvzland.com\/wp-content\/uploads\/2022\/07\/downloader-on-firestick-new-interface-10.png\" alt=\"\" class=\"wp-image-1247\"\/><\/figure>\n\n\n\n<p><strong>9.<\/strong> Choisissez les options du d\u00e9veloppeur.<\/p>\n\n\n\n<figure class=\"wp-block-image aligncenter\"><img decoding=\"async\" src=\"https:\/\/www.tvzland.com\/wp-content\/uploads\/2022\/07\/downloader-on-firestick-new-interface-11.png\" alt=\"\" class=\"wp-image-1248\"\/><\/figure>\n\n\n\n<p><strong>10.<\/strong> Cliquez sur Installer des applications inconnues.<\/p>\n\n\n\n<figure class=\"wp-block-image aligncenter\"><img decoding=\"async\" src=\"https:\/\/www.tvzland.com\/wp-content\/uploads\/2022\/07\/downloader-on-firestick-new-interface-12.png\" alt=\"\" class=\"wp-image-1246\"\/><\/figure>\n\n\n\n<p><strong>11.<\/strong> Recherchez l\u2019application Downloader et cliquez dessus.<\/p>\n\n\n\n<figure class=\"wp-block-image aligncenter\"><img decoding=\"async\" src=\"https:\/\/www.tvzland.com\/wp-content\/uploads\/2022\/07\/downloader-on-firestick-new-interface-13.png\" alt=\"\" class=\"wp-image-1244\"\/><\/figure>\n\n\n\n<p><strong>12.<\/strong> Cela activera les sources inconnues pour l\u2019application Downloader. Cela permettra le chargement lat\u00e9ral sur votre appareil.<\/p>\n\n\n\n<figure class=\"wp-block-image aligncenter\"><img decoding=\"async\" src=\"https:\/\/www.tvzland.com\/wp-content\/uploads\/2022\/07\/downloader-on-firestick-new-interface-14-1.png\" alt=\"\" class=\"wp-image-1245\"\/><\/figure>\n\n\n\n<p><strong>13.<\/strong>&nbsp;Lancez Downloader.<\/p>\n\n\n\n<figure class=\"wp-block-image aligncenter\"><img decoding=\"async\" src=\"https:\/\/www.tvzland.com\/wp-content\/uploads\/2022\/07\/launch-downloader-app.png\" alt=\"\" class=\"wp-image-1243\"\/><\/figure>\n\n\n\n<p><strong>14.<\/strong>&nbsp;Cliquez sur Autoriser.<\/p>\n\n\n\n<figure class=\"wp-block-image aligncenter\"><img decoding=\"async\" src=\"https:\/\/www.tvzland.com\/wp-content\/uploads\/2022\/07\/mobdro-firestick-4.png\" alt=\"\" class=\"wp-image-1241\"\/><\/figure>\n\n\n\n<p><strong>15.<\/strong>&nbsp;Cliquez sur OK.<\/p>\n\n\n\n<figure class=\"wp-block-image aligncenter\"><img decoding=\"async\" src=\"https:\/\/www.tvzland.com\/wp-content\/uploads\/2022\/07\/mobdro-firestick-5.png\" alt=\"\" class=\"wp-image-1242\"\/><\/figure>\n\n\n\n<p><strong>16.<\/strong> Tapez l\u2019URL suivante exactement comme indiqu\u00e9\u00a0:\u00a0<a href=\"https:\/\/www.iptvsmarters.com\/smarters.apk\" target=\"_blank\" rel=\"noreferrer noopener\">https:\/\/www.iptvsmarters.com\/smarters.apk\u00a0<\/a>et cliquez sur Aller ou Go.<\/p>\n\n\n\n<figure class=\"wp-block-image aligncenter is-resized\"><img decoding=\"async\" src=\"https:\/\/www.tvzland.com\/wp-content\/uploads\/2022\/07\/httpline.4k-turbo.comc-1-2.png\" alt=\"\" class=\"wp-image-1240\" style=\"width:762px;height:auto\"\/><\/figure>\n\n\n\n<p><strong>17.<\/strong>&nbsp;Attendez que le fichier soit t\u00e9l\u00e9charg\u00e9.<\/p>\n\n\n\n<figure class=\"wp-block-image aligncenter\"><img decoding=\"async\" src=\"https:\/\/www.tvzland.com\/wp-content\/uploads\/2022\/07\/iptv-smarters-2.png\" alt=\"\" class=\"wp-image-1239\"\/><\/figure>\n\n\n\n<p><strong>18.<\/strong>&nbsp;Cliquez sur Installer.<\/p>\n\n\n\n<figure class=\"wp-block-image aligncenter\"><img decoding=\"async\" src=\"https:\/\/www.tvzland.com\/wp-content\/uploads\/2022\/07\/iptv-smarters-3.png\" alt=\"\" class=\"wp-image-1237\"\/><\/figure>\n\n\n\n<p><strong>19.<\/strong>&nbsp;Cliquez sur Termin\u00e9.<\/p>\n\n\n\n<figure class=\"wp-block-image aligncenter\"><img decoding=\"async\" src=\"https:\/\/www.tvzland.com\/wp-content\/uploads\/2022\/07\/iptv-smarters-4.png\" alt=\"\" class=\"wp-image-1238\"\/><\/figure>\n\n\n\n<p><strong>20.<\/strong>&nbsp;Ouvrez IPTV smarters IPTV, puis s\u00e9lectionnez Connexion avec Xtream API.<\/p>\n\n\n\n<p><strong>21.<\/strong>\u00a0Entrez les informations de connexion que nous vous avons envoy\u00e9es via chat messenger ou encore par courriel.<\/p>\n\n\n\n<p><\/p>\n","protected":false},"excerpt":{"rendered":"<p>Comment configurer IPTV sur la FireStick 1.\u00a0Depuis l\u2019\u00e9cran d\u2019accueil de votre Firestick, passez la souris sur l\u2019option Rechercher. 2.&nbsp;Cliquez sur Rechercher. 3.&nbsp;Recherchez et s\u00e9lectionnez Downloader. 4.&nbsp;Choisissez l\u2019application Downloader. 5. Cliquez sur T\u00e9l\u00e9charger. 6. Une fois l\u2019installation de l\u2019application termin\u00e9e, cliquez sur Ouvrir. 7. Revenez \u00e0 l\u2019\u00e9cran d\u2019accueil et ouvrez Param\u00e8tres. 8.&nbsp;Cliquez sur My Fire TV. 9. Choisissez les options du d\u00e9veloppeur. 10. Cliquez sur Installer des applications inconnues. 11. Recherchez l\u2019application Downloader et cliquez dessus. 12. Cela activera les sources inconnues pour l\u2019application Downloader. Cela permettra le chargement lat\u00e9ral sur votre appareil. 13.&nbsp;Lancez Downloader. 14.&nbsp;Cliquez sur Autoriser. 15.&nbsp;Cliquez sur OK. 16. Tapez l\u2019URL suivante exactement comme indiqu\u00e9\u00a0:\u00a0https:\/\/www.iptvsmarters.com\/smarters.apk\u00a0et cliquez sur Aller ou Go. 17.&nbsp;Attendez que le fichier soit t\u00e9l\u00e9charg\u00e9. 18.&nbsp;Cliquez sur Installer. 19.&nbsp;Cliquez sur Termin\u00e9. 20.&nbsp;Ouvrez IPTV smarters IPTV, puis s\u00e9lectionnez Connexion avec Xtream API. 21.\u00a0Entrez les informations de connexion que nous vous avons envoy\u00e9es via chat messenger ou encore par courriel.<\/p>\n","protected":false},"author":2,"featured_media":0,"parent":0,"menu_order":0,"comment_status":"closed","ping_status":"closed","template":"","meta":{"_uag_custom_page_level_css":"","site-sidebar-layout":"default","site-content-layout":"","ast-site-content-layout":"default","site-content-style":"default","site-sidebar-style":"default","ast-global-header-display":"","ast-banner-title-visibility":"","ast-main-header-display":"","ast-hfb-above-header-display":"","ast-hfb-below-header-display":"","ast-hfb-mobile-header-display":"","site-post-title":"","ast-breadcrumbs-content":"","ast-featured-img":"","footer-sml-layout":"","ast-disable-related-posts":"","theme-transparent-header-meta":"","adv-header-id-meta":"","stick-header-meta":"","header-above-stick-meta":"","header-main-stick-meta":"","header-below-stick-meta":"","astra-migrate-meta-layouts":"default","ast-page-background-enabled":"default","ast-page-background-meta":{"desktop":{"background-color":"var(--ast-global-color-5)","background-image":"","background-repeat":"repeat","background-position":"center center","background-size":"auto","background-attachment":"scroll","background-type":"","background-media":"","overlay-type":"","overlay-color":"","overlay-opacity":"","overlay-gradient":""},"tablet":{"background-color":"","background-image":"","background-repeat":"repeat","background-position":"center center","background-size":"auto","background-attachment":"scroll","background-type":"","background-media":"","overlay-type":"","overlay-color":"","overlay-opacity":"","overlay-gradient":""},"mobile":{"background-color":"","background-image":"","background-repeat":"repeat","background-position":"center center","background-size":"auto","background-attachment":"scroll","background-type":"","background-media":"","overlay-type":"","overlay-color":"","overlay-opacity":"","overlay-gradient":""}},"ast-content-background-meta":{"desktop":{"background-color":"var(--ast-global-color-4)","background-image":"","background-repeat":"repeat","background-position":"center center","background-size":"auto","background-attachment":"scroll","background-type":"","background-media":"","overlay-type":"","overlay-color":"","overlay-opacity":"","overlay-gradient":""},"tablet":{"background-color":"var(--ast-global-color-4)","background-image":"","background-repeat":"repeat","background-position":"center center","background-size":"auto","background-attachment":"scroll","background-type":"","background-media":"","overlay-type":"","overlay-color":"","overlay-opacity":"","overlay-gradient":""},"mobile":{"background-color":"var(--ast-global-color-4)","background-image":"","background-repeat":"repeat","background-position":"center center","background-size":"auto","background-attachment":"scroll","background-type":"","background-media":"","overlay-type":"","overlay-color":"","overlay-opacity":"","overlay-gradient":""}},"footnotes":""},"class_list":["post-963","page","type-page","status-publish","hentry"],"uagb_featured_image_src":{"full":false,"thumbnail":false,"medium":false,"medium_large":false,"large":false,"1536x1536":false,"2048x2048":false,"woocommerce_thumbnail":false,"woocommerce_single":false,"woocommerce_gallery_thumbnail":false},"uagb_author_info":{"display_name":"admin iptv","author_link":"https:\/\/evolutatv.com\/index.php\/author\/admin\/"},"uagb_comment_info":0,"uagb_excerpt":"Comment configurer IPTV sur la FireStick 1.\u00a0Depuis l\u2019\u00e9cran d\u2019accueil de votre Firestick, passez la souris sur l\u2019option Rechercher. 2.&nbsp;Cliquez sur Rechercher. 3.&nbsp;Recherchez et s\u00e9lectionnez Downloader. 4.&nbsp;Choisissez l\u2019application Downloader. 5. Cliquez sur T\u00e9l\u00e9charger. 6. Une fois l\u2019installation de l\u2019application termin\u00e9e, cliquez sur Ouvrir. 7. Revenez \u00e0 l\u2019\u00e9cran d\u2019accueil et ouvrez Param\u00e8tres. 8.&nbsp;Cliquez sur My Fire TV.&hellip;","_links":{"self":[{"href":"https:\/\/evolutatv.com\/index.php\/wp-json\/wp\/v2\/pages\/963","targetHints":{"allow":["GET"]}}],"collection":[{"href":"https:\/\/evolutatv.com\/index.php\/wp-json\/wp\/v2\/pages"}],"about":[{"href":"https:\/\/evolutatv.com\/index.php\/wp-json\/wp\/v2\/types\/page"}],"author":[{"embeddable":true,"href":"https:\/\/evolutatv.com\/index.php\/wp-json\/wp\/v2\/users\/2"}],"replies":[{"embeddable":true,"href":"https:\/\/evolutatv.com\/index.php\/wp-json\/wp\/v2\/comments?post=963"}],"version-history":[{"count":5,"href":"https:\/\/evolutatv.com\/index.php\/wp-json\/wp\/v2\/pages\/963\/revisions"}],"predecessor-version":[{"id":1128,"href":"https:\/\/evolutatv.com\/index.php\/wp-json\/wp\/v2\/pages\/963\/revisions\/1128"}],"wp:attachment":[{"href":"https:\/\/evolutatv.com\/index.php\/wp-json\/wp\/v2\/media?parent=963"}],"curies":[{"name":"wp","href":"https:\/\/api.w.org\/{rel}","templated":true}]}}